 2*i - 10*i**2 + i**3 - i - 2*i. Determine p(-6).
-6
Let h(m) = m**2 - 7*m - 7. Let t be h(8). Let o(x) = 22*x**2 + 1. What is o(t)?
23
Let y(w) be the first derivative of 1/4*w**4 + w - 4 - 2*w**2 + w**3. Determine y(-3).
13
Suppose -18 = t + 5*j, -j - 3 = 2. Let h(i) = i**2 - 8*i + 1. What is h(t)?
-6
Let q(o) = -o**3 - 6*o**2 + 2*o + 3. Suppose -3*z - 10 = 4*f, 0*f - 5*z = f - 6. Let v = f + -2. What is q(v)?
-9
Let i(k) = 16*k**2 + 12*k + 13. Let q(d) = 11*d**2 + 8*d + 9. Let a(w) = -5*i(w) + 7*q(w). Determine a(-2).
-6
Let u be 4/(-4) + (-16)/(-4). Let s(r) = -10*r + 3*r + 2*r**u + 8*r. Determine s(-1).
-3
Suppose 3*a - 3*s + s = -5, 7 = -2*a + 5*s. Let d(f) = -2*f**3 - f**2 - f. Determine d(a).
2
Let q(u) be the second derivative of -u**7/210 + u**5/120 - u**4/24 - u**3/6 - u. Let g(z) be the second derivative of q(z). Determine g(1).
-4
Let k(g) = -g**2 + 13*g - 14. Let a be k(11). Suppose 3*n - a = o, 0*n - 2*n = 3*o - 20. Let j(v) = -v**3 + 4*v**2 - 2*v + 1. Calculate j(o).
-7
Let o(j) = j + 6. Let a(n) be the third derivative of n**4/24 + 7*n**3/6 + 4*n**2. Let t(z) = 6*a(z) - 7*o(z). Let u be t(4). Let v(d) = -d + 3. Calculate v(u).
7
Let o(q) = -2*q - 5. Let d(c) = c + 2. Let x(a) = -9*d(a) - 4*o(a). Let i = -13 - -18. What is x(i)?
-3
Let f(r) be the second derivative of -r**6/180 - r**5/120 + r**4/12 + 2*r. Let g(v) be the third derivative of f(v). Give g(1).
-5
Let a(i) = -i**2 + 7*i + 2. Let n be a(6). Let x = n + -4. Let r(y) = y - 7. Give r(x).
-3
Let r(a) = -a**3 + 4*a**2 - 3. Let h = 42 + -38. What is r(h)?
-3
Let q(h) be the first derivative of -h**4/4 + 4*h**3/3 + h**2/2 - h - 2. Let j = -20 + 24. What is q(j)?
3
Let j(d) = 6*d + 2. Let b(o) = 6*o. Let r(n) = -1. Let s(y) = b(y) - 2*r(y). Let q(x) = 4*j(x) - 3*s(x). Determine q(-2).
-10
Let u be (4 + -9)/((-2)/(-2)). Let z(a) = a**3 + 4*a**2 - 4*a + 1. Let v be z(u). Let n(b) = -b**3 - 5*b**2 - 2*b + 4. Give n(v).
-4
Let r(a) = -a**2 + 7*a + 2. Let v be (5/(-2))/((-10)/20). What is r(v)?
12
Let a(u) = -3*u + 2 + u + 0*u + u. Determine a(4).
-2
Suppose y - 11 = -2*o, 0*o = 3*y + 4*o - 27. Suppose x - y = -4. Let h(j) = 6*j**3 - j**2 + 2*j - 1. What is h(x)?
6
Let z(m) = -2*m**2 + m - 7. Let i(f) = f**2 - f + 5. Let u(s) = -8*i(s) - 5*z(s). Calculate u(-4).
15
Let a(h) be the first derivative of -1 + 2*h + 1/3*h**3 + 2*h**2. Suppose 0 = 4*u - 12, -5*u = 3*z - 3*u + 3. Calculate a(z).
-1
Let b be 0 - (-4)/(0 + 2). Suppose b*m = 2 + 8. Let h = 7 - m. Let l(t) = t**2 + t - 1. Calculate l(h).
5
Let b = 71 - 76. Let q(o) = -o**2 - 4*o - 5. Calculate q(b).
-10
Let j(b) = -b**3 - 7*b**2 + 11*b - 5. Let d(z) = 4*z**3 + 20*z**2 - 34*z + 14. Let c(u) = -2*d(u) - 7*j(u). Give c(8).
-1
Let t(x) = 4*x**2 - x. Let d be t(1). Let i be (-21)/9 - 2/d. Let p(c) = -c - 4*c + 4*c - 4. Determine p(i).
-1
Suppose 0 = -4*n - 5*v + 3*v + 2, v = 5*n - 20. Suppose 0 = -3*u + 2*u + 2. Suppose -n*k = u*k + 10. Let a(c) = 3*c. Calculate a(k).
-6
Let y(p) = 4*p**3 - 2*p + 1. Suppose 0 = -2*w + 1 + 9, 4*w = 5*z - 10. Let d = z + -5. What is y(d)?
3
Let u(c) = c**3 - 6*c**2 + 3*c. Let a = 49 - 44. Determine u(a).
-10
Let a be 1/(-1) + 2 + (8 - 5). Let t(z) = z - 1. Let h(g) = -3*g + 5. Let j be 6/(-21) + (-16)/(-7). Let v(y) = a*t(y) + j*h(y). What is v(6)?
-6
Let i(x) = -2*x**3 + 3*x**2 - 3*x + 2. Let k = 7 - 3. Let r be (-2)/(-8) - (-7)/k. What is i(r)?
-8
Let w = 9 - 5. Let q(p) = w - 1 - p - 3. Determine q(-3).
3
Let n = 6 + -4. Suppose -2*v - 4*t - 6 = 0, 4*v - t - 4 = 2*v. Let h(r) = -r + 5*r**2 - r - v - 4*r**2. Calculate h(n).
-1
Let u(a) = -3 - 8*a**2 - 3*a + a**3 + 13*a**2 - a**2. What is u(-4)?
9
Let h(g) = g - 2. Suppose -3*v = 15, -2*v = -3*n - 3*v - 26. Give h(n).
-9
Let j = -1 + 3. Suppose -j*l + 15 = 3*l. Let g(y) = -y**3 + 4*y**2 - 2*y + 4. What is g(l)?
7
Let l(o) = -o**3 - 13*o**2 - 14*o - 19. Let h be l(-12). Let w(t) = t**2 - 4*t - 3. What is w(h)?
2
Let o(w) be the third derivative of 7*w**6/120 - w**5/30 + w**4/12 - w**3/6 + 34*w**2. Give o(1).
6
Suppose 0 = -2*m - 3 - 19. Let t = m + 10. Let u(s) = -4*s - 1. Determine u(t).
3
Suppose 2 = 2*o - 12. Let k(m) = -m + 6*m + 6*m**2 - o*m**2. What is k(4)?
4
Let r(p) = -p + 11. Let w be r(9). Let b(f) = 4*f**3 - 4*f**2 + 4*f - 2. Determine b(w).
22
Let m(q) = -4*q. Suppose 4*j + j = 10. Calculate m(j).
-8
Let j(l) = -5*l + 3 - 3 + l**2 - 3 + 1. Give j(4).
-6
Let t(i) = i**3 - 6*i**2 + i - 5. Let w be ((-1)/(-2))/((-1)/(-12)). Let r be t(w). Suppose -3*z + 2*z = -r. Let m(s) = -4*s**3 - s**2 + s. What is m(z)?
-4
Let a(p) = -p + 9. Let d(j) = j**2 + j + 5. Let t be d(-6). Suppose 0 = -2*c - 3*c + t. Suppose 4*k = 9 + c. Give a(k).
5
Let z = -63 + 58. Let u(m) = 2*m - m + 8 - 1. Give u(z).
2
Suppose -2*k + 6*k - 8 = 0. Let s(u) = -u**2 - 1 - 5*u + 2*u**k - 2*u**2. Let l(m) = -2*m - 5. Let h be l(0). Give s(h).
-1
Let u(t) = -t**2 - 2*t. Let q be 4*(30/(-8) + 3). Let l be u(q). Let i(f) = -1 + 0 - 2*f - 1. Determine i(l).
4
Let t(f) be the third derivative of 5*f**2 + 1/6*f**3 + 5/24*f**4 + 0 - 1/60*f**5 + 0*f. Determine t(5).
1
Let n(k) = -2*k**3 + 3*k**3 + 2*k + 3*k**2 + 0*k - 1. Suppose -y - 2*i - 8 = 0, i = y + 2*y + 3. Give n(y).
-1
Let o(t) be the third derivative of -t**6/120 - 7*t**5/60 - t**4/6 + 7*t**3/6 + 8*t**2. Determine o(-6).
-5
Let s(m) = -3*m + 5. Suppose 0*j + 4*j - 3 = -3*v, 5*v = -j + 5. Suppose j = -2*n + 3*n + 3. Let p be n/(-12) - 15/(-4). What is s(p)?
-7
Suppose -9*l = -5*l + 4*s - 40, -2*l = -s - 8. Suppose -2*f - 2*f + 8 = 2*j, 4*f - 3*j = 8. Let c(q) = 4*q**3 + 7*q**f + q + 4 - 8*q - 5*q**3. What is c(l)?
-2
Let i(z) = 1 - 4 + z**3 + 295*z**2 - 296*z**2 - 2*z. What is i(3)?
9
Let p(q) be the first derivative of -6*q - 2 + 1 + 2*q**2 - 3*q**2. Let n(h) = -h**3 - h**2 - 4. Let k be n(0). Determine p(k).
2
Let o be 6/(-4)*(-8)/6. Let g(v) = o*v - 9 + v - 2*v + 2. Determine g(4).
-3
Let c(v) be the first derivative of 6*v**2 + 37. Determine c(1).
12
Suppose -3*w + 11 = 5. Let z(d) = d**3 + 2 + 2 - 2*d + d**w + d**2 - 5*d**2. What is z(3)?
-2
Let w(o) = 5 - o**2 - 8*o - 13 + 3 + 6. What is w(-6)?
13
Suppose -5*i - 5*b + 45 = 0, 2*b = 3*i - 2 - 0. Suppose i*z = 10 + 10. Let s(v) = 4 - v + 0 + 3. Give s(z).
2
Let v(i) = 10*i**3 - i**2. Let l = -47 + 46. Give v(l).
-11
Suppose 2*k - y - 7 = 15, 0 = 5*k - y - 58. Suppose -5*q + 3*a - 8*a = 5, -3*q + 29 = -5*a. Suppose q*n + 3 = -k. Let f(i) = i**2 + 5*i - 6. Calculate f(n).
-6
Let d(a) be the third derivative of a**6/60 - a**4/24 - 7*a**2. What is d(1)?
1
Let r(w) = w**3 + 5*w**2 + 4. Let z(h) = 3*h + 1. Let q be ((-2)/6)/((-1)/15). Suppose -5 = q*y + 5. Let i be z(y). Give r(i).
4
Let l(d) be the second derivative of 0*d**3 + 0*d**4 + 2*d + 0 + 0*d**2 + 7/20*d**5. Determine l(1).
7
Suppose -5*s = -2 - 8. Let w(p) = 0*p + s - 5*p + 6*p. What is w(0)?
2
Let y(m) = -8*m**2 + 2*m**2 - m**3 - 3*m**2 + 0*m + 11*m + 4. Determine y(-10).
-6
Suppose 0 = -m + 2 + 9. Let z(b) = -m + 6*b + 8*b - 13*b - b**2. Determine z(0).
-11
Suppose 0 = -3*j + 6*j. Let o(b) = -b + 1. Give o(j).
1
Let o(k) be the first derivative of -k**4/4 - 2*k**3/3 + 5*k**2/2 + 2*k + 10. Calculate o(-3).
-4
Let d(o) = o**3 + 6*o**2 + 4*o - 5. Let k = -4 + -1. Give d(k).
0
Let v(w) be the second derivative of 1/6*w**3 - 1/2*w**2 + 0 + w. Suppose -5*k = 5 + 10. What is v(k)?
-4
Let g be 2/(-3) - (-4)/(-3). Let n(k) = k - 4. Let x(o) = o - 4. Let l(v) = g*x(v) + 3*n(v). Determine l(0).
-4
Let h(c) = -c**3 - 4*c**2 - 2*c - 1. Let i(v) = -v**2 - 8*v - 12. Let g be i(-9). Let a = g - -43. Suppose -3*y + 6 = -n + a, -4*n = y - 12. Calculate h(y).
7
Let h be 6*3/(27/24). Suppose 5*i - q - 20 = 0, 3*i - h = -i - 2*q. Let p(j) = 6*j + 1 + 5*j - 3*j - i*j. Determine p(2).
9
Let j(y) be the first derivative of y**4/2 - y**2/2 - y + 2. Let t(m) be the first derivative of j(m). Let f be t(1). Let l(h) = 2*h - 3. Determine l(f).
7
Let n(t) = 1 + 1 - 1 + 0. Let q = 2 + -1. Let k(r) = 2*r**3 - 4*r**2 + r + 6. Let d(y) = q*k(y) - 4*n(y). What is d(2)?
4
Let h = 3 - -3. Let u(r) = -r + 8. Determine u(h).
2
Suppose 5*y - 31 = g + g, y + g - 2 = 0. Suppose 0 = y*o - 4*o. Suppose -2*j + o*j = 4. Let c(z) = -3*z + 2. What is c(j)?
8
Let q(g) = -g**3 - 3*g**2 + 2*g - 4. Let m = -7 + 5. Let b be (-19)/7 - m/(-7). Calculate q(b).
-1